
1
Let r(b) = -b**3 - 9*b**2 + 3*b - 402. Give r(-12).
-6
Let n(u) = 5*u**3 - u**2 + u - 102. What is n(0)?
-102
Let l(v) = 65*v - 362. Give l(6).
28
Let h(o) = 9*o + 587. What is h(-47)?
164
Let b(x) = x**3 - 16*x**2 + 57*x + 8. What is b(11)?
30
Let g(o) = -23*o - 289. Give g(-12).
-13
Let z(p) = 2*p**3 - 168*p**2 - 169*p - 85. Determine z(85).
0
Let h(c) = 61*c - 379. Give h(6).
-13
Let y(r) = -15*r + 509. What is y(39)?
-76
Let x(d) = 19*d**2 - 33*d + 32. Give x(1).
18
Let a(x) = 10*x + 41. Give a(-6).
-19
Let c(u) = u**2 - 17*u + 79. Give c(5).
19
Let m(s) = -s**3 + 27*s**2 - 100*s + 549. What is m(24)?
-123
Let f(k) = -13*k - 157. What is f(-12)?
-1
Let n(s) = -s**3 - 19*s**2 - 7*s + 193. What is n(-18)?
-5
Let o(d) = -7*d + 230. What is o(36)?
-22
Let r(v) = -v**2 + 77*v + 564. What is r(-7)?
-24
Let j(c) = -131*c**2 + 36*c + 37. Determine j(-1).
-130
Let t(g) = 2*g**3 - 81*g**2 + 32*g + 200. Determine t(40).
-120
Let t(r) = -167*r - 93. Calculate t(-2).
241
Let q(o) = -2*o**2 - 57*o - 353. Give q(-19).
8
Let k(x) = x**3 - 7*x**2 - 5*x + 53. What is k(7)?
18
Let m(r) = 20*r + 1263. Give m(-64).
-17
Let n(a) = a**2 + 113*a + 3194. What is n(-56)?
2
Let a(q) = q**3 - 74*q**2 + 343*q + 6. Calculate a(5).
-4
Let k(s) = -s**2 - 321*s - 28. What is k(0)?
-28
Let q(a) = -a**3 - 3*a**2 + 38*a - 83. Determine q(7).
-307
Let j(k) = 67*k**2 - 610*k + 60. Give j(9).
-3
Let m(d) = d**3 + 38*d**2 - 33*d + 231. What is m(-39)?
-3
Let c(o) = -o**3 - 28*o**2 + 75*o + 440. What is c(-30)?
-10
Let s(x) = 24*x + 10. Calculate s(5).
130
Let o(p) = 3*p**3 - p**2 + 20*p - 4. What is o(-4)?
-292
Let n(g) = 3*g**2 + 42*g + 408. Calculate n(-12).
336
Let o(u) = -2*u**2 + 43*u - 277. What is o(16)?
-101
Let h(q) = -165*q - 10892. Determine h(-66).
-2
Let k(s) = -2*s**3 + 13*s**2 - 79*s + 455. Give k(6).
17
Let t(w) = -w**3 + 39*w**2 - 5*w - 998. What is t(38)?
256
Let s(n) = n**3 + 10*n**2 - 26*n - 324. What is s(-11)?
-159
Let b(m) = -m**3 + 7*m**2 + 73*m + 53. Determine b(-5).
-12
Let u(a) = a**3 + 18*a**2 + 103*a + 1132. Determine u(-16).
-4
Let b(s) = -2*s + 71. Determine b(5).
61
Let w(o) = -o**2 - 254*o - 3392. What is w(-14)?
-32
Let c(i) = -70*i + 846. Give c(12).
6
Let h(u) = 8*u**2 + 97*u - 380. Calculate h(-15).
-35
Let t(b) = 732*b + 2209. Calculate t(-3).
13
Let o(w) = 8*w + 83. Determine o(-15).
-37
Let v(q) = -q**3 + 242*q**2 - 6901*q + 856. What is v(209)?
20
Let v(o) = -3*o + 68. Give v(11).
35
Let j(c) = c**2 - 61*c - 387. Calculate j(-6).
15
Let a(t) = -t**2 + 93*t + 1256. What is a(105)?
-4
Let w(o) = o**2 - 28*o - 1823. Calculate w(-32).
97
Let z(s) = 40*s - 726. Calculate z(15).
-126
Let s(p) = -p**3 + 100*p**2 - 89*p - 980. What is s(99)?
10
Let l(t) = -t**2 + 18*t + 338. What is l(29)?
19
Let v(a) = a**2 - 559*a - 7472. Give v(-13).
-36
Let d(v) = -2*v**2 - 111*v + 50. What is d(-56)?
-6
Let z(i) = -i**3 - 45*i**2 + 56*i + 80. What is z(-46)?
-380
Let n(k) = 19*k + 133. What is n(-7)?
0
Let h(g) = -g**3 - 214*g**2 - 426*g - 446. Calculate h(-212).
-22
Let y(h) = -94*h + 1171. What is y(13)?
-51
Let w(t) = -t**3 - 10*t**2 + 12*t - 3. Determine w(-11).
-14
Let f(z) = -3*z**3 - z**2 + 20. What is f(0)?
20
Let v(m) = m - 93. Determine v(33).
-60
Let o(q) = q**2 + 140*q + 4266. Calculate o(-95).
-9
Let o(p) = -p**2 - 30*p + 267. Determine o(-37).
8
Let r(b) = 223*b + 6686. Determine r(-30).
-4
Let j(z) = 3*z**3 - 23*z**2 - 18*z - 25. What is j(9)?
137
Let z(c) = 186*c + 12654. What is z(-68)?
6
Let s(k) = -15*k**2 - 424*k + 424. Calculate s(1).
-15
Let x(v) = -v**2 - 86*v + 225. What is x(-89)?
-42
Let t(y) = 947*y - 1853. Determine t(2).
41
Let z(i) = -i**3 - 6*i**2 + i - 3. Determine z(4).
-159
Let b(m) = -m**3 + 56*m**2 + 17*m + 122. Calculate b(56).
1074
Let m(w) = 2*w**3 + 18*w**2 + 47*w - 6. Calculate m(-4).
-34
Let l(b) = -700*b**2 + 11898*b + 27. Calculate l(17).
-7
Let a(q) = -3*q**2 + 111*q + 3883. Give a(59).
-11
Let q(h) = -70*h - 64. Give q(-3).
146
Let h(s) = -19*s - 1298. Calculate h(-68).
-6
Let r(v) = -7*v**3 - v**2 - 6*v - 4. Calculate r(3).
-220
Let z(y) = -4*y - 74. What is z(34)?
-210
Let f(w) = -3*w**2 + 79*w - 20. Determine f(20).
360
Let m(o) = o**3 - 12*o**2 + 2*o - 2. Give m(10).
-182
Let u(a) = -103*a - 1289. Calculate u(-12).
-53
Let a(p) = 12*p**3 + 6*p - 6. Give a(1).
12
Let s(l) = -252*l - 14. What is s(0)?
-14
Let a(y) = -y**3 - 263*y**2 - 217*y + 11773. Calculate a(-262).
-17
Let p(m) = -2*m**2 + 200*m - 5011. What is p(48)?
-19
Let h(d) = -6*d**2 + 3*d - 4. Determine h(-3).
-67
Let n(l) = 3*l**2 + 124*l + 154. What is n(-39)?
-119
Let u(j) = -82*j**2 + 168*j + 166. What is u(-1)?
-84
Let i(p) = p**3 - 32*p**2 + p - 13. Calculate i(32).
19
Let g(w) = 47*w**2 + 5*w + 4. Give g(2).
202
Let s(h) = -2*h**3 + 65*h**2 - 38*h + 189. Determine s(32).
-3
Let a(j) = -3*j**3 - 136*j**2 + 95*j + 243. Calculate a(-46).
105
Let u(t) = -t**2 + 321. Calculate u(18).
-3
Let i(u) = u**2 - 70*u + 873. Determine i(16).
9
Let j(b) = -15*b - 695. What is j(-45)?
-20
Let x(l) = -86*l - 6694. Calculate x(-78).
14
Let t(m) = m**3 + 55*m**2 - 55*m + 64. Calculate t(-56).
8
Let f(d) = -498*d + 10948. Calculate f(22).
-8
Let y(m) = 102*m + 907. Calculate y(-9).
-11
Let w(y) = -547*y + 182701. Calculate w(334).
3
Let s(g) = 1264*g - 11400. What is s(9)?
-24
Let c(d) = d**3 - 9*d**2 + 23*d - 5. Give c(4).
7
Let u(y) = y**3 - 10*y**2 + 23*y - 59. Calculate u(9).
67
Let f(a) = 1358*a - 5412. Determine f(4).
20
Let x(f) = 663*f + 20555. Determine x(-31).
2
Let p(n) = 31*n + 1236. Give p(-40).
-4
Let y(w) = 1723*w - 8714. Calculate y(5).
-99
Let i(n) = 2*n**3 + 25*n**2 - 46*n - 47. Give i(-14).
9
Let x(h) = 4*h**2 + 67*h + 177. Calculate x(-15).
72
Let m(n) = -n**2 - 18*n + 12232. Determine m(-120).
-8
Let s(u) = 54*u - 7943. Determine s(147).
-5
Let w(m) = 15*m - 26. Give w(12).
154
Let w(q) = -q**2 - 17*q - 8. What is w(-16)?
8
Let m(j) = -j**3 + 327*j**2 + 6202*j + 2760. Give m(345).
0
Let c(i) = 20*i**2 - 179*i - 24. What is c(9)?
-15
Let v(g) = -g**2 + 56*g - 516. Determine v(13).
43
Let o(s) = -17*s + 4. Give o(1).
-13
Let y(h) = -3*h - 62. What is y(0)?
-62
Let g(l) = 5*l**3 - 48*l**2 - 27*l + 37. What is g(10)?
-33
Let j(d) = -9*d**3 - 306*d**2 + 3*d + 92. What is j(-34)?
-10
Let b(g) = -2760*g + 57968. Give b(21).
8
Let h(v) = v**3 + 34*v**2 - 21*v + 461. Give h(-35).
-29
Let b(x) = -8*x**2 - 154*x + 3004. What is b(12)?
4
Let s(z) = -2*z**2 - 108*z + 223. What is s(-56)?
-1
Let d(m) = 12*m + 18. Give d(-4).
-30
Let o(x) = 186*x**2 - 1867*x - 10. Calculate o(10).
-80
Let r(x) = -7*x**2 - 113*x + 211. Determine r(-18).
-23
Let z(c) = 2*c**3 + 5*c**2 - 38*c + 5. Give z(3).
-10
Let b(s) = 3*s**2 + 36*s - 46. Give b(-10).
-106
Let k(c) = c**3 + 38*c**2 - 76*c + 24. Give k(-40).
-136
Let p(w) = -4*w**2 + 205*w + 2656. What is p(-12)?
-380
Let h(x) = -x**2 - 519*x - 11415. Calculate h(-23).
-7
Let f(g) = -2*g**2 - 144*g + 442. Determine f(3).
-8
Let i(x) = 11*x**2 - 535*x - 90. What is i(49)?
106
Let b(t) = -t**2 + 18*t + 31. Calculate b(-2).
-9
Let m(d) = 2*d**2 - 19*d - 210. Give m(16).
-2
Let s(m) = -2*m**2 - 6*m + 254. Calculate s(16).
-354
Let u(x) = -57*x - 119. Give u(-9).
394
Let c(u) = 958*u - 59. Calculate c(0).
-59
Let f(h) = h**3 - 52*h**2 + 49*h + 95. Calculate f(51).
-7
Let c(i) = -44*i**3 + 8*i**2 - 3*i. Determine c(1).
-39
Let q(g) = g**2 + 21*g - 1243. Give q(-46).
-93
Let v(t) = -81*t**3 - 485*t**2 + 8*t - 4. Determine v(-6).
-16
Let s(q) = 73*q + 17. Determine s(-6).
-421
Let x(u) = 273*u - 2465. What is x(9)?
-8
Let j(w) = -5*w**2 - 26*w - 1. Calculate j(-3).
32
Let c(q) = -q - 28. What is c(-4)?
-24
Let x(j) = -j**2 + 11*j - 6. Give x(0).
-6
Let l(k) = 8*k**2 + 13*k - 31. Give l(-3).
2
Let a(j) = -27*j + 139. Determine a(7).
-50
Let h(q) = -55*q + 1933. Determine h(39).
-212
Let r(w) = w**3 + 54*w**2 - 790*w + 134. Give r(-66).
2
Let l(d) = -2*d**2 - 28*d - 94. What is l(-3)?
-28
Let c(d) = -81*d + 1838. Calculate c(23).
-25
Let s(b) = b**3 + 92*b**2 - 370*b + 1341. Give s(-96).
-3
Let y(p) = 159*p - 634. Give y(4).
2
Let u(b) = 104*b + 1629. Give u(-16).
-35
Let d(x) = x**3 + x**2 - 11*x + 18. Determine d(2).
8
Let r(y) = -647*y - 13589. What is r(-21)?
-2
Let y(t) = -4*t**2 - 106*t + 189. What is y(-29)?
-101
Let v